late the highest common factor of d and l.
1
Let u(s) = 2*s**2 + 5*s + 5. Suppose v = 6*v + 20. Let o be u(v). Suppose 0 = j - 3*j + 68. What is the highest common divisor of o and j?
17
Let o(p) = p - 9. Let q be o(4). Let g = 10 - q. Calculate the highest common factor of g and 5.
5
Let a(b) = b**3 - 2*b**2 - 2*b - 3. Let i be a(3). Let w be (-2)/2*2/(-2). Let l be (-2)/(w - i) + 14. What is the greatest common divisor of 36 and l?
12
Suppose -34 - 26 = -5*v. Let r be (0 - (-1)/2)*-6. Let j(o) = 2*o**2. Let x be j(r). Calculate the highest common factor of x and v.
6
Let m be 3 - -2 - (3 + -4). Calculate the highest common divisor of 42 and m.
6
Let q = -8 + 8. Suppose 3*x - 972 = -q*x. Suppose 5*g - x - 666 = 0. What is the highest common factor of 18 and g?
18
Suppose 2*q = 3*q + 2*s - 22, -2*s = 0. Calculate the greatest common factor of 2 and q.
2
Let i = -13 + 49. Suppose 4*m - 60 = -5*z, -4*z + 51 + 33 = -4*m. Suppose 4*o - i = z. Calculate the highest common divisor of 143 and o.
13
Let z be ((-100)/3)/(-10)*(-18)/(-1). Let l(h) = -5*h. Let p be l(-3). Calculate the greatest common divisor of p and z.
15
Let n(x) = -x - 7. Let q be n(-7). Let y(a) = a**3 + a**2 + 30. Let r be y(q). What is the highest common divisor of 45 and r?
15
Let t = 105 + -65. Let w(v) be the first derivative of 5*v**3/3 + v**2 + 1. Let x be w(-2). Calculate the greatest common factor of x and t.
8
Let b(q) = q - 1. Let n(l) = -10*l + 2. Let j(x) = -4*b(x) - n(x). Let o be j(3). Suppose -3*u = -0*u - 30. What is the highest common factor of o and u?
10
Let p(f) = 15*f - 9. Let s be p(6). Suppose -5*t + s = 21. Calculate the highest common factor of t and 108.
12
Let j be 43/9 - 2/(-9). Let t = j + 5. What is the highest common factor of 5 and t?
5
Let d be 8/(-36) + (-47)/(-9). Suppose -d*k + 275 = -285. What is the greatest common divisor of k and 16?
16
Let k(d) = d**2 - d + 225. Let w be k(0). Let n = 261 + -236. What is the greatest common factor of w and n?
25
Suppose 0 = m - 0 + 2, -3*b - 2*m = -14. What is the highest common divisor of b and 2?
2
Let t(s) = -16*s - 1. Let f be t(-2). Let u = f + -4. Let g = 17 + u. Calculate the greatest common divisor of g and 11.
11
Let i(t) = -t + t**2 - t + 3*t + 2. Let d be i(-4). Let r be (-3)/(-21)*1 - 2774/(-133). Calculate the greatest common factor of r and d.
7
Let u be 0*2/6 - -47. Let a = 91 - u. Calculate the highest common factor of a and 11.
11
Let h be 0 - (0 - 1) - -32. Suppose -x - 8 = -h. Let v be x + (2 - 0/1). What is the greatest common divisor of v and 3?
3
Suppose -2*h = 4*t - 14, -4*t + 4*h + h = -35. What is the greatest common divisor of 55 and t?
5
Suppose 4*h = -3*q + 57, 0*h - 21 = -2*h + q. Suppose 7*o = h*o - 45. Calculate the highest common factor of 54 and o.
9
Let u(g) = g**2 - 6*g + 4. Let b = -2 + 8. Let d be u(b). Suppose 2*l = 5*s + 120, -d*l + 2*s + 180 = -l. What is the highest common divisor of l and 12?
12
Suppose -2*b = y - 23, 3*y - y - 42 = -3*b. What is the greatest common divisor of y and 75?
15
Let x(q) = 8*q + 9. Let v be x(9). Let p = v - -11. Let k be -3*(-2 + p/(-6)). What is the highest common divisor of k and 13?
13
Let v(q) = q**2 - 7*q - 7. Let i be v(8). Let n(o) = 4*o**3 + o**2 - o. Let f be n(i). Suppose 0 = -2*z - z + 84. What is the highest common factor of z and f?
4
Let f = -4 - -16. Let y(s) = -2*s**3 - 10*s**2 - 7*s - 6. Let x be y(-6). Calculate the greatest common factor of f and x.
12
Let f(h) = 11*h**2 + 5*h - 4. Let t be f(3). What is the greatest common divisor of t and 10?
10
Suppose 5*d + 5*v = 170, -2*v = 4*d - v - 142. Suppose -2*s + 120 = d. Suppose -3*m - 9 = -s. What is the highest common divisor of 99 and m?
11
Suppose -31 = -4*a + 4*b + 1, b = 0. Let k(n) = -6*n**3 + 3*n**2 + 2*n. Let v be k(-2). Let g = v - 16. Calculate the greatest common factor of g and a.
8
Let i be 40/28*(-14)/(-2). Suppose 0*w + 880 = 8*w. What is the greatest common divisor of w and i?
10
Let a(x) = 15*x. Let k be a(5). Suppose -c - k = -2*c. Suppose -h = -3*v - 6, 52 = 4*h - 4*v + 4. Calculate the highest common factor of c and h.
15
Let q(u) = u**2 - 4*u - 3. Let r be q(-2). Let b(p) = p**3 - 9*p**2 + 4*p - 10. Let x be b(r). What is the greatest common divisor of 65 and x?
13
Suppose 0*h - 3*h = 4*x - 38, -2*x + 5*h + 6 = 0. What is the highest common divisor of 8 and x?
8
Let p be (-2)/(-6) - (-48)/(-9). Let i(n) = 2*n**2 + 6*n - 4. Let z be i(p). Let q be ((-20)/z)/(1/(-28)). What is the greatest common factor of q and 5?
5
Suppose -4*s + 177 - 33 = 0. What is the greatest common divisor of s and 12?
12
Let f(k) = 1 + 8 - 3 + 3*k - 2*k. Let w be f(12). Calculate the greatest common factor of 36 and w.
18
Suppose 0 = -3*t + 12, -9*r + 7*r - 18 = -5*t. Let m = r - -1. Suppose m*c = -81 + 351. Calculate the greatest common divisor of 15 and c.
15
Let i(q) be the third derivative of q**5/60 + 5*q**4/12 - q**3/6 - q**2. Let h be i(-10). Let a = h + 6. Calculate the highest common factor of a and 1.
1
Let a = 11 - 0. Suppose 8 = 4*j - 8. Let n be 1/j - 522/(-24). Calculate the highest common factor of a and n.
11
Let o = 2 - -10. Let s be (-6)/(-4)*256/o. What is the greatest common factor of s and 8?
8
Suppose 2*l = -l + 9. Suppose -2*a - a + 83 = 2*t, -t = l*a - 79. Suppose -4*u - 15 = -7*u. Calculate the highest common divisor of a and u.
5
Let s = 4 + -5. Let m(g) = -154*g**3 - 2*g**2 - g. Let w be m(s). What is the greatest common factor of w and 17?
17
Let h(b) = -b**2 - 6*b + 2. Let k be h(-6). Let i = 103 - 102. Calculate the greatest common factor of i and k.
1
Suppose 5*t - 45 = 5*b, 31 = 4*t + b - 0*b. What is the greatest common factor of t and 16?
8
Let h = -6 + 1. Let m be 0 + 22*h/(-2). What is the highest common factor of 5 and m?
5
Let u = -7 + 11. Let p be u*(9/3 + -1). Calculate the highest common factor of 4 and p.
4
Let h(d) = d**2 + 9*d - 8. Let l be h(-10). Suppose 0 = -4*z + 4*f - l*f + 230, -153 = -3*z - 5*f. What is the greatest common factor of 14 and z?
14
Let g = 50 - 24. Calculate the greatest common divisor of g and 13.
13
Let t be 4/20 - 297/(-15). Let i = -1 + 6. Suppose -2*k = m - 5, -k + 4*m - i = -6*k. What is the highest common factor of k and t?
5
Let r(y) = y**3 + y**2. Let q(o) = -o**3 + 4*o**2 - 1. Let l(p) = q(p) + 2*r(p). Let n be l(-5). Calculate the highest common divisor of n and 12.
12
Let c(n) = -3*n - 2. Let p be ((-2)/5)/(4/20). Let i be c(p). Calculate the highest common factor of 6 and i.
2
Suppose 0 = -2*c - 5*y + 129, -6*c + 7*c + 5*y - 52 = 0. Let x be 2/(-2*(-3)/84). Suppose 4*o = -0*o + x. What is the highest common factor of c and o?
7
Suppose 0 = -4*y + 4*i + 24, 5*y - 3*i - 11 = 27. What is the highest common divisor of y and 50?
10
Let b be (33/(-12))/((-1)/92). What is the highest common factor of b and 23?
23
Suppose 16 = -2*o - 2. Let r(d) = 0 - 3*d + 2 - 5. Let p be r(o). What is the greatest common divisor of p and 3?
3
Suppose -9*b = -11*b + 196. What is the greatest common factor of 28 and b?
14
Let p = -34 - -40. Let y = 2 - 0. Suppose 3*i + 3*a - 8 = 2*i, -2*i = y*a - 8. Calculate the highest common factor of i and p.
2
Suppose 0*y = 5*y - 35. Suppose -3*g = 3*n + 5 + 1, 0 = -g + 2*n + y. Calculate the greatest common divisor of 4 and g.
1
Let v(x) = -7*x - 7. Let n be v(-5). Suppose 0 = -5*j + 5, 47*p + j = 42*p + 351. What is the greatest common factor of n and p?
14
Suppose 4*p - 28 = -4*r, p - 3*r - 8 = -1. Let q = -104 + 160. What is the highest common divisor of q and p?
7
Let r be ((-28)/6)/(12/(-18)). Suppose -5 = 2*m - r. Let y(p) = 8*p**2. Let v be y(m). What is the greatest common divisor of 2 and v?
2
Suppose 0 = t - 3*t + 4*h + 42, -49 = -5*t - 4*h. Suppose 0 = k - 9 - t. Calculate the greatest common divisor of 2 and k.
2
Let d = -7 + 13. Let j(o) = o**3 - 5*o**2 + 6*o + 6. Let t be j(5). Let u be ((-4)/(-6))/(d/t). Calculate the greatest common divisor of u and 4.
4
Let b = -5 - -4. Let a = 2 - b. Suppose 4*g = -4*q + 508, g + a*g = 2*q + 538. Calculate the highest common factor of g and 12.
12
Let m(c) = c + 40. Let o be m(0). What is the greatest common divisor of o and 100?
20
Suppose 10 = 3*r + 1. Suppose -7*i = -r*i - 76. What is the greatest common divisor of i and 209?
19